{"id":761,"date":"2020-06-01T11:34:45","date_gmt":"2020-06-01T11:34:45","guid":{"rendered":"http:\/\/splubiszewo.pl\/?page_id=761"},"modified":"2025-09-25T20:39:44","modified_gmt":"2025-09-25T20:39:44","slug":"konsultacje","status":"publish","type":"page","link":"http:\/\/splubiszewo.pl\/?page_id=761","title":{"rendered":"Kalendarz Roku Szkolnego 2025\/2026"},"content":{"rendered":"\n<p>1 wrze\u015bnia 2025 r. &#8211; &nbsp;&nbsp;Rozpocz\u0119cie zaj\u0119\u0107 dydaktyczno-wychowawczych<\/p>\n\n\n\n<p>14 pa\u017adziernika &#8211; Dzie\u0144 Edukacji Narodowej, dzie\u0144 wolny od zaj\u0119\u0107 lekcyjnych<\/p>\n\n\n\n<p>1 listopada 2025 r. &#8211; dzie\u0144 wolny od zaj\u0119\u0107 dydaktyczno-wychowawczo-opieku\u0144czych(sobota)<\/p>\n\n\n\n<p>10 listopada 2025 r.\u2013 dzie\u0144 dyrektorski<\/p>\n\n\n\n<p>11 listopada 2025 r. &#8211; dzie\u0144 wolny od zaj\u0119\u0107 dydaktyczno-wychowawczo-opieku\u0144czych<\/p>\n\n\n\n<p><strong>22 &#8211; 31 grudnia 2025 r. &#8211; <\/strong>Zimowa przerwa \u015bwi\u0105teczna<\/p>\n\n\n\n<p>1 stycznia 2026 r.- dzie\u0144 wolny, Nowy Rok<\/p>\n\n\n\n<p>2 stycznia 2026 r. \u2013 dzie\u0144 dyrektorski<\/p>\n\n\n\n<p>5 stycznia 2026 r. \u2013 dzie\u0144 dyrektorski<\/p>\n\n\n\n<p>6 stycznia 2025 &#8211; dzie\u0144 wolny od zaj\u0119\u0107 dydaktyczno-wychowawczo-opieku\u0144czych<\/p>\n\n\n\n<p><strong>19 stycznia 2026&nbsp;&nbsp;&nbsp; &#8211; 1 lutego 2026 r.<\/strong> \u2013 ferie zimowe<\/p>\n\n\n\n<p><strong>2 kwietnia \u2013 7 kwietnia 2026 r.<\/strong> \u2013 wiosenna przerwa \u015bwi\u0105teczna<\/p>\n\n\n\n<p>1 maja 2026 &#8211; dzie\u0144 wolny od zaj\u0119\u0107 dydaktyczno-wychowawczo-opieku\u0144czych<\/p>\n\n\n\n<p>11,12,13 maja 2026r. \u2013 dni dyrektorskie, egzamin \u00f3smoklasisty, dni wolne od zaj\u0119\u0107 dydaktycznych<\/p>\n\n\n\n<p>4 czerwca 2026 r. \u2013 Bo\u017ce Cia\u0142o, dzie\u0144 wolny od zaj\u0119\u0107 dydaktyczno-wychowawczo-opieku\u0144czych<\/p>\n\n\n\n<p>5 czerwca 2026 &#8211; dzie\u0144 dyrektorski, wolny od zaj\u0119\u0107 dydaktyczno-wychowawczo<\/p>\n\n\n\n<p>22 czerwca 2026 r. &#8211; dzie\u0144 dyrektorski, wolny od zaj\u0119\u0107 dydaktyczno-wychowawczo<\/p>\n\n\n\n<p><strong>26 czerwca 2026 r.<\/strong> &#8211; zako\u0144czenie zaj\u0119\u0107 dydaktyczno-wychowawczych w szko\u0142ach<\/p>\n\n\n\n<p><\/p>\n\n\n\n<p><\/p>\n\n\n\n<p><\/p>\n","protected":false},"excerpt":{"rendered":"<p>1 wrze\u015bnia 2025 r. &#8211; &nbsp;&nbsp;Rozpocz\u0119cie zaj\u0119\u0107 dydaktyczno-wychowawczych 14 pa\u017adziernika &#8211; Dzie\u0144 Edukacji Narodowej, dzie\u0144 wolny od zaj\u0119\u0107 lekcyjnych 1<\/p>\n","protected":false},"author":3,"featured_media":0,"parent":0,"menu_order":0,"comment_status":"closed","ping_status":"closed","template":"","meta":{"colormag_page_container_layout":"default_layout","colormag_page_sidebar_layout":"default_layout","footnotes":""},"class_list":["post-761","page","type-page","status-publish","hentry"],"_links":{"self":[{"href":"http:\/\/splubiszewo.pl\/index.php?rest_route=\/wp\/v2\/pages\/761","targetHints":{"allow":["GET"]}}],"collection":[{"href":"http:\/\/splubiszewo.pl\/index.php?rest_route=\/wp\/v2\/pages"}],"about":[{"href":"http:\/\/splubiszewo.pl\/index.php?rest_route=\/wp\/v2\/types\/page"}],"author":[{"embeddable":true,"href":"http:\/\/splubiszewo.pl\/index.php?rest_route=\/wp\/v2\/users\/3"}],"replies":[{"embeddable":true,"href":"http:\/\/splubiszewo.pl\/index.php?rest_route=%2Fwp%2Fv2%2Fcomments&post=761"}],"version-history":[{"count":2,"href":"http:\/\/splubiszewo.pl\/index.php?rest_route=\/wp\/v2\/pages\/761\/revisions"}],"predecessor-version":[{"id":2919,"href":"http:\/\/splubiszewo.pl\/index.php?rest_route=\/wp\/v2\/pages\/761\/revisions\/2919"}],"wp:attachment":[{"href":"http:\/\/splubiszewo.pl\/index.php?rest_route=%2Fwp%2Fv2%2Fmedia&parent=761"}],"curies":[{"name":"wp","href":"https:\/\/api.w.org\/{rel}","templated":true}]}}