{"id":284,"date":"2020-03-01T13:12:25","date_gmt":"2020-03-01T13:12:25","guid":{"rendered":"http:\/\/splubiszewo.pl\/?page_id=284"},"modified":"2020-03-01T14:01:43","modified_gmt":"2020-03-01T14:01:43","slug":"hymn-naszej-szkoly","status":"publish","type":"page","link":"http:\/\/splubiszewo.pl\/?page_id=284","title":{"rendered":"HYMN NASZEJ SZKO\u0141Y"},"content":{"rendered":"\n<figure class=\"wp-block-audio\"><audio controls src=\"http:\/\/splubiszewo.pl\/wp-content\/uploads\/2020\/03\/Hymn-szkoly-w-Lubiszewie.mp3\"><\/audio><\/figure>\n\n\n\n<p><\/p>\n\n\n\n<p><em>1.W\u015br\u00f3d przepi\u0119knych las\u00f3w ukryta,<\/em><\/p>\n\n\n\n<p><em>zielonymi\nli\u015b\u0107mi spowita,<\/em><\/p>\n\n\n\n<p><em>nieustannie\ngwarna i weso\u0142a,<\/em><\/p>\n\n\n\n<p><em>stoi\nnasza Lubiszewska Szko\u0142a<\/em><\/p>\n\n\n\n<p><em>nasza\nukochana szko\u0142a.<\/em><\/p>\n\n\n\n<p><em>Ref.:W\nnaszej ma\u0142ej, fajnej szkole<\/em><\/p>\n\n\n\n<p><em>Ka\u017cdy\nspe\u0142nia wa\u017cn\u0105 rol\u0119,<\/em><\/p>\n\n\n\n<p><em>S\u0105\nu\u015bmiechy, jest zabawa<\/em><\/p>\n\n\n\n<p><em>I nauki\nte\u017c jest czas.<\/em><\/p>\n\n\n\n<p><em>Kiedy\ncichnie szkolna wrzawa,<\/em><\/p>\n\n\n\n<p><em>Serca\nmocniej bij\u0105 w nas.<\/em><\/p>\n\n\n\n<p><em>2.W\nLubiszewskiej Szkole herb widnieje<\/em><\/p>\n\n\n\n<p><em>W nim\nczerwony gryf si\u0119 do nas \u015bmieje,<\/em><\/p>\n\n\n\n<p><em>Ka\u017cdy\ntutaj zna histori\u0119 jego,<\/em><\/p>\n\n\n\n<p><em>To\nzamierzch\u0142ych czas\u00f3w \u015blad kolego,<\/em><\/p>\n\n\n\n<p><em>Piecz\u0119\u0107\ngrodu Sambora Drugiego.<\/em><\/p>\n","protected":false},"excerpt":{"rendered":"<p>1.W\u015br\u00f3d przepi\u0119knych las\u00f3w ukryta, zielonymi li\u015b\u0107mi spowita, nieustannie gwarna i weso\u0142a, stoi nasza Lubiszewska Szko\u0142a nasza ukochana szko\u0142a. Ref.:W naszej<\/p>\n","protected":false},"author":3,"featured_media":286,"parent":0,"menu_order":0,"comment_status":"closed","ping_status":"closed","template":"","meta":{"colormag_page_container_layout":"default_layout","colormag_page_sidebar_layout":"default_layout","footnotes":""},"class_list":["post-284","page","type-page","status-publish","has-post-thumbnail","hentry"],"_links":{"self":[{"href":"http:\/\/splubiszewo.pl\/index.php?rest_route=\/wp\/v2\/pages\/284","targetHints":{"allow":["GET"]}}],"collection":[{"href":"http:\/\/splubiszewo.pl\/index.php?rest_route=\/wp\/v2\/pages"}],"about":[{"href":"http:\/\/splubiszewo.pl\/index.php?rest_route=\/wp\/v2\/types\/page"}],"author":[{"embeddable":true,"href":"http:\/\/splubiszewo.pl\/index.php?rest_route=\/wp\/v2\/users\/3"}],"replies":[{"embeddable":true,"href":"http:\/\/splubiszewo.pl\/index.php?rest_route=%2Fwp%2Fv2%2Fcomments&post=284"}],"version-history":[{"count":2,"href":"http:\/\/splubiszewo.pl\/index.php?rest_route=\/wp\/v2\/pages\/284\/revisions"}],"predecessor-version":[{"id":311,"href":"http:\/\/splubiszewo.pl\/index.php?rest_route=\/wp\/v2\/pages\/284\/revisions\/311"}],"wp:featuredmedia":[{"embeddable":true,"href":"http:\/\/splubiszewo.pl\/index.php?rest_route=\/wp\/v2\/media\/286"}],"wp:attachment":[{"href":"http:\/\/splubiszewo.pl\/index.php?rest_route=%2Fwp%2Fv2%2Fmedia&parent=284"}],"curies":[{"name":"wp","href":"https:\/\/api.w.org\/{rel}","templated":true}]}}