{"id":2504,"date":"2022-08-31T20:46:05","date_gmt":"2022-08-31T20:46:05","guid":{"rendered":"http:\/\/splubiszewo.pl\/?page_id=2504"},"modified":"2025-09-25T20:40:39","modified_gmt":"2025-09-25T20:40:39","slug":"wydarzenia-szkolne-2022-2023","status":"publish","type":"page","link":"http:\/\/splubiszewo.pl\/?page_id=2504","title":{"rendered":"Wydarzenia szkolne 2025\/2026"},"content":{"rendered":"\n<p>Zach\u0119camy do obserwowania szkolnego konta na Facebooku, gdzie na bie\u017c\u0105co mo\u017cna \u015bledzi\u0107 przebieg szkolnych wydarze\u0144 i uroczysto\u015bci. <\/p>\n","protected":false},"excerpt":{"rendered":"<p>Zach\u0119camy do obserwowania szkolnego konta na Facebooku, gdzie na bie\u017c\u0105co mo\u017cna \u015bledzi\u0107 przebieg szkolnych wydarze\u0144 i uroczysto\u015bci.<\/p>\n","protected":false},"author":5,"featured_media":0,"parent":0,"menu_order":0,"comment_status":"closed","ping_status":"closed","template":"","meta":{"colormag_page_container_layout":"default_layout","colormag_page_sidebar_layout":"default_layout","footnotes":""},"class_list":["post-2504","page","type-page","status-publish","hentry"],"_links":{"self":[{"href":"http:\/\/splubiszewo.pl\/index.php?rest_route=\/wp\/v2\/pages\/2504","targetHints":{"allow":["GET"]}}],"collection":[{"href":"http:\/\/splubiszewo.pl\/index.php?rest_route=\/wp\/v2\/pages"}],"about":[{"href":"http:\/\/splubiszewo.pl\/index.php?rest_route=\/wp\/v2\/types\/page"}],"author":[{"embeddable":true,"href":"http:\/\/splubiszewo.pl\/index.php?rest_route=\/wp\/v2\/users\/5"}],"replies":[{"embeddable":true,"href":"http:\/\/splubiszewo.pl\/index.php?rest_route=%2Fwp%2Fv2%2Fcomments&post=2504"}],"version-history":[{"count":3,"href":"http:\/\/splubiszewo.pl\/index.php?rest_route=\/wp\/v2\/pages\/2504\/revisions"}],"predecessor-version":[{"id":2920,"href":"http:\/\/splubiszewo.pl\/index.php?rest_route=\/wp\/v2\/pages\/2504\/revisions\/2920"}],"wp:attachment":[{"href":"http:\/\/splubiszewo.pl\/index.php?rest_route=%2Fwp%2Fv2%2Fmedia&parent=2504"}],"curies":[{"name":"wp","href":"https:\/\/api.w.org\/{rel}","templated":true}]}}